u?
11
Let h be 21 - 19 - 73*-9. Suppose -5*m + h - 134 = 0. What is the greatest common factor of m and 21?
21
Suppose 4*y + 54 = -l + 2*y, -y = l + 53. Let a be l*(3 - (-13)/(-2)). Calculate the highest common factor of a and 26.
26
Suppose 13*o = 4*a + 11*o - 182, 4*o = -3*a + 131. Suppose -2*v - 23 - 19 = 0. Let n be 2/7 + (-183)/v. What is the greatest common factor of a and n?
9
Let b = -114 - -129. Let i = 65 - 35. Calculate the greatest common divisor of i and b.
15
Let l = -7 - 32. Let p = l + 74. Let z be (-240)/(-17 + 7) - -11. Calculate the highest common divisor of p and z.
35
Let s be (5 + -4)*-1*5*-11. Calculate the highest common divisor of s and 11.
11
Let b(f) = 2*f**2 - 11*f - 3. Let g be b(6). Suppose 5*t + 1 = 3*c + 61, 60 = g*t + 3*c. What is the greatest common divisor of t and 60?
15
Let d(t) = -231*t - 22. Let l be d(-1). Calculate the highest common factor of 19 and l.
19
Let h = 286 + -276. Let k(o) = o**3 + 8*o**2 - 7*o + 6. Let v be k(-9). Let w = v + 62. What is the greatest common divisor of w and h?
10
Let k(n) = 2*n**2 + 7*n - 8. Let w be k(-5). Suppose w*h - 11*h = -672. What is the greatest common factor of 24 and h?
24
Let i = -198 - -208. What is the greatest common divisor of 10 and i?
10
Suppose -607*m = -586*m - 3864. Calculate the highest common factor of m and 12.
4
Let m(q) = -2*q - 20. Let d be m(-14). What is the greatest common divisor of d and 20?
4
Let r be (-2)/7 - (-7120)/28. Let k be (-11)/(-44) + r/8. Calculate the greatest common factor of 224 and k.
32
Let a = -164 + 252. Calculate the highest common factor of a and 8.
8
Let h(f) be the third derivative of 3/20*f**5 + 0*f - 4*f**2 + 1/6*f**3 + 0 - 1/12*f**4. Let o be h(1). What is the greatest common divisor of o and 8?
8
Let j be 142/9 + (-2)/(-9). Let t(w) = 613 + 11*w - 583 + 2*w + w**2. Let y be t(-11). Calculate the greatest common factor of y and j.
8
Suppose -15*a + 16*a - 82 = -m, -4*a + 3*m + 314 = 0. Suppose -3*f - 80 = -8*f. Calculate the greatest common factor of f and a.
16
Let f be (-74 - -2)*(-4 - 40/(-30)). What is the highest common factor of f and 72?
24
Let b = -85 - -143. What is the highest common factor of 2378 and b?
58
Let d be 8/(-10 - (-132)/12). What is the greatest common factor of 232 and d?
8
Let a(y) = -y**3 - 10*y**2 + 11*y + 7. Let w be a(-13). Suppose -3*b + 2*h + w = -98, 0 = b - h - 158. Calculate the greatest common divisor of b and 17.
17
Suppose 0 = n - 5*n + 208. Suppose -3*m = m - n. What is the highest common factor of m and 13?
13
Let y be 13/(-39) - (-334)/3. Suppose -4*n = -y - 141. Calculate the greatest common factor of 21 and n.
21
Let j(c) = 77*c - 163. Let q be j(6). What is the highest common divisor of 115 and q?
23
Suppose -22*r + 1364 = -0*r. Calculate the highest common divisor of r and 124.
62
Suppose 9*g - 288 = 5850. What is the greatest common factor of 62 and g?
62
Suppose -2*c + w + 257 = -c, c - 3*w - 255 = 0. Let d = -154 + c. What is the greatest common divisor of d and 13?
13
Let m = 49 + -5. Suppose 2*f - 33 = -f - b, 2*b = 4*f - m. What is the highest common factor of 66 and f?
11
Suppose 12*s = 16*s - 4*x - 364, 0 = -s + 5*x + 87. Calculate the highest common factor of 1058 and s.
46
Let i(z) = -13*z - 7. Let s be i(-1). Calculate the highest common factor of s and 78.
6
Let v = -15 - -18. Let z = 3 - v. Suppose z = -3*s + 17 + 10. Calculate the highest common factor of 63 and s.
9
Let t be (796/(-10))/((-2)/10). Let k = t + -227. Let m = -334 - -353. Calculate the greatest common factor of k and m.
19
Let k be 212/(-22)*(5 + -16). Calculate the greatest common divisor of k and 53.
53
Let h(v) = v**3 + 11*v**2 + 5*v + 1. Let t be h(-5). Calculate the greatest common factor of 18 and t.
18
Let b(w) = -w. Let i be b(-2). Let q = -327 + 329. Calculate the highest common factor of q and i.
2
Suppose b + 212 + 43 = 3*p, 0 = 3*p + 2*b - 246. Let t = -88 + 58. Let q = 51 + t. What is the greatest common divisor of q and p?
21
Let j = 8 - 44. Let w = 86 + j. Suppose 5*u = -0*u + w. What is the greatest common divisor of u and 30?
10
Suppose 2*s - 1300 = -3*k, -2*s = k + k - 864. Calculate the highest common divisor of 4 and k.
4
Suppose q - 86 = 2*h - 3*h, -3*q = -4*h - 251. Let r = 213 - q. Let i = 197 - r. What is the greatest common factor of i and 23?
23
Let s = 385 - 374. Let h = 103 + -15. Calculate the highest common divisor of s and h.
11
Let b be -36*((-2)/(-4))/(-1). Suppose g = -t + 6, 3*g - 33*t - 60 = -29*t. Calculate the highest common divisor of b and g.
6
Suppose 0 = -7*f + 4*f. Let v = 2 - f. Suppose 0 = 363*l - 108*l - 3570. Calculate the highest common factor of l and v.
2
Let s = 84 - 44. Let g be (-30)/(-10) + (3 - 2). Let u be ((-255)/180 + (-1)/g)*-3. Calculate the greatest common divisor of u and s.
5
Let d be -4*3/(-8) - 1/(-2). Let u(c) = 4*c**3 + 2*c**2 - c - 2. Let o be u(d). What is the greatest common divisor of 12 and o?
12
Let b(v) = 3*v + 15. Let t be b(-6). Let u be -2 + -33*t/1. Let a = u + -49. Calculate the greatest common divisor of a and 6.
6
Let g = -1994 - -2007. Calculate the highest common divisor of 1313 and g.
13
Suppose -s + 3 = -15. Suppose -2*p - s = p. Let m be 67/4 - p/24. What is the greatest common factor of m and 17?
17
Suppose -12*n = -9*n - 4056. Let i be n/9 - (-2)/(-9). Suppose 55 = 5*o + 4*p, -4*o - 2*p + 35 = -o. What is the greatest common divisor of i and o?
15
Suppose -5*m + 90 = 15. What is the highest common factor of 30 and m?
15
Suppose 3*f + 3 = -d + 4*d, 2*f + 5*d - 5 = 0. Suppose 5*b + f*b + 5 = 0. Let j be 687/12 - b/(-4). What is the greatest common factor of j and 38?
19
Suppose -5*o - 175 = -10*o. Let c be (-78)/(-15) + (-2)/10. Calculate the greatest common factor of o and c.
5
Let x be ((-78)/12 - -5)*-4. What is the greatest common divisor of x and 294?
6
Suppose 4*d = -12, -5*s + 9 = -2*d + 3. Let j be (s - 2)/(2/(-4)). Suppose -j*l = l - 175. Calculate the greatest common divisor of 7 and l.
7
Suppose 0 = -m - 3*x + 505, m - 2064 = -3*m - x. Calculate the greatest common divisor of m and 94.
47
Let h(c) = c**2 + 16*c + 13. Let s be h(-16). Calculate the greatest common factor of 1157 and s.
13
Let l = -1 + 3. Let h(n) = 3*n - 38. Let c be h(14). Let r(k) = 5*k - 18. Let q be r(c). What is the greatest common factor of q and l?
2
Suppose -5*n - 19 = -69. Let q(y) = 2*y**3 + 6*y**2 - 11*y - 32. Let o be q(-3). What is the greatest common divisor of o and n?
1
Suppose 0 = 4*s + 20, -3*g - 1 + 3 = 5*s. What is the highest common factor of 7 and g?
1
Let v(b) = -b**2 - 5*b - 1. Let m be v(-4). Suppose m*h - 2*h = 0. Let f be (-4)/(-2) + 246 + h. Calculate the highest common factor of f and 31.
31
Suppose 3*f = 4*l + 382, -5*l + 172 = 3*f - 174. What is the greatest common factor of f and 61?
61
Let p = 1888 + -720. What is the greatest common factor of p and 16?
16
Suppose 5*h + 5*b = 7*h - 95, -5*h + 206 = -2*b. What is the greatest common divisor of h and 560?
40
Let n be (775/124)/((-2)/(-32)). What is the highest common factor of 125 and n?
25
Let i(z) = -z**2 + 8*z + 13. Let w be i(9). Suppose -w*j + 10 = j, -3*a = j - 98. Calculate the highest common factor of 48 and a.
16
Let n = 496 + -199. Calculate the greatest common divisor of 33 and n.
33
Let j be -3 + 38 - 5*-1. What is the highest common factor of 80 and j?
40
Suppose -4*h + 35 = 3*k, h = -8*k + 3*k - 4. Suppose 3*o = 0, -3*g + 5*o + 31 = -h. Calculate the greatest common divisor of g and 21.
7
Suppose m + 829 = 5*o + 3*m, 6 = 3*m. Calculate the highest common factor of o and 22.
11
Let t be ((-4)/10)/((-1)/10). Suppose 3*g - 34 = 5*i, -4*g + 6*g + 4*i = -14. Suppose -g = -2*q + 29. What is the greatest common divisor of q and t?
4
Suppose -4*c = 7*x - 2*x - 34, x = -4*c - 6. Let w be 152/x + 2/(-10) - 1. What is the greatest common divisor of w and 21?
7
Suppose 0 = 2*s - 0*s - 4. Suppose -57 - 13 = s*y. Let p be (y - -4)/(-1 + 0). What is the highest common divisor of p and 31?
31
Let n be (-12)/(-18)*(1 + 8). Suppose -61 - 875 = -n*j. Calculate the highest common factor of j and 39.
39
Suppose 3*a - u = 1291, 2*a = -0*u + 3*u + 849. What is the greatest common factor of a and 16?
16
Suppose -5*a + 4*r = -21, -r + 1 = -0. Calculate the hig